{"id":566,"date":"2020-12-12T13:26:42","date_gmt":"2020-12-12T11:26:42","guid":{"rendered":"http:\/\/sergek.fr\/?page_id=566"},"modified":"2023-03-13T16:07:47","modified_gmt":"2023-03-13T14:07:47","slug":"recompenses","status":"publish","type":"page","link":"https:\/\/sergek.fr\/?page_id=566","title":{"rendered":"r\u00e9compenses"},"content":{"rendered":"\n<h3 class=\"has-text-align-center wp-block-heading\">r\u00e9compenses artistiques de Serge Krewiss<\/h3>\n\n\n\n<p style=\"text-align: center;\"><b><strong>2023<br \/><\/strong><\/b>Salon des Artistes Fran\u00e7ais, Art Capital, Grand Palais Paris &#8211;<b> M\u00e9daille d&rsquo;or<\/b><\/p>\n<p style=\"text-align: center;\"><b><strong>2022<br \/><\/strong><\/b>Salon des Artistes Fran\u00e7ais, Art Capital, Grand Palais Paris<b> &#8211; Prix de la Fondation Taylor<br \/><\/b>Festival Fine En Bulles &#8211; Crouttes-sur-Marne<b> &#8211; 1er Prix et Prix du public<br \/><\/b>Arts Sciences Lettres <b>&#8211; M\u00e9daille d&rsquo;argent<\/b><\/p>\n<p style=\"text-align: center;\"><b><strong>2021<br \/><\/strong><\/b>63\u00e8me salon des Beaux-Arts \u2013 Cormeilles-en-Parisis <strong>&#8211;<\/strong> <b>1<\/b><b>er<\/b><b> Prix de Peinture<\/b>\u00a0<br \/>Salon des Beaux-Arts \u2013 Thionville <strong>&#8211;<\/strong> <b>M\u00e9daille de bronze<br \/><\/b><\/p>\n<p style=\"text-align: center;\"><strong>2020<br \/><\/strong>Salon des Artistes Fran\u00e7ais, Grand Palais Paris<b> &#8211; M\u00e9daille d\u2019argent\u00a0\u00a0<\/b><\/p>\n<p style=\"text-align: center;\"><strong>2019<\/strong><br \/>116\u00e8me Salon d\u2019automne \u2013 Paris<b> &#8211; Prix de Peinture\u00a0<br \/><\/b><span style=\"font-size: inherit;\">Salon d\u2019Arts Plastiques de la Rochelle<\/span><b style=\"font-size: inherit;\"> &#8211; <\/b><b>Prix Excellence de la Peinture \u00e0 l\u2019huile<br \/><\/b>61\u00e8me Salon des Beaux-Arts de Cormeilles-en-Parisis &#8211; <b>Prix du Public <br \/><\/b>Salon des Artistes Fran\u00e7ais, Grand Palais Paris<b> &#8211; M\u00e9daille de bronze<\/b><\/p>\n<p style=\"text-align: center;\"><strong>2018<\/strong><br \/>53\u00e8me Grand Prix de Peinture de Barbizon<b> &#8211; 1<\/b><b>er<\/b><b> Prix de Peinture \u00a0\u00a0<br \/><\/b>Arts Sciences Lettres<b> &#8211; M\u00e9daille d\u2019\u00e9tain <br \/><\/b>Salon des Artistes Fran\u00e7ais, Grand Palais Paris<b> &#8211; Mention du jury <br \/>et Prix JP Cot Berg\u00e8s<\/b><\/p>\n<p style=\"text-align: center;\"><strong>2017<\/strong><br \/>52\u00e8me Salon ADAC \u2013 Ch\u00e2tillon<b> &#8211; 1<\/b><b>er<\/b><b> Prix de Peinture\u00a0\u00a0<\/b><\/p>\n<p style=\"text-align: center;\"><strong>2016<\/strong><br \/>34\u00e8me Salon International de Peinture, Vittel<b> &#8211; Mention sp\u00e9ciale du jury\u00a0\u00a0<\/b><\/p>\n\n\n","protected":false},"excerpt":{"rendered":"<p>r\u00e9compenses artistiques de Serge Krewiss 2023Salon des Artistes Fran\u00e7ais, Art Capital, Grand Palais Paris &#8211; M\u00e9daille d&rsquo;or 2022Salon des Artistes Fran\u00e7ais, Art Capital, Grand Palais Paris &#8211; Prix de la [&hellip;]<\/p>\n","protected":false},"author":1,"featured_media":0,"parent":0,"menu_order":0,"comment_status":"closed","ping_status":"closed","template":"","meta":{"_acf_changed":false,"footnotes":""},"class_list":["post-566","page","type-page","status-publish","hentry"],"acf":[],"yoast_head":"<!-- This site is optimized with the Yoast SEO plugin v24.9 - https:\/\/yoast.com\/wordpress\/plugins\/seo\/ -->\n<title>r\u00e9compenses - Serge Krewiss<\/title>\n<meta name=\"robots\" content=\"index, follow, max-snippet:-1, max-image-preview:large, max-video-preview:-1\" \/>\n<link rel=\"canonical\" href=\"https:\/\/sergek.fr\/?page_id=566\" \/>\n<meta property=\"og:locale\" content=\"fr_FR\" \/>\n<meta property=\"og:type\" content=\"article\" \/>\n<meta property=\"og:title\" content=\"r\u00e9compenses - Serge Krewiss\" \/>\n<meta property=\"og:description\" content=\"r\u00e9compenses artistiques de Serge Krewiss 2023Salon des Artistes Fran\u00e7ais, Art Capital, Grand Palais Paris &#8211; M\u00e9daille d&rsquo;or 2022Salon des Artistes Fran\u00e7ais, Art Capital, Grand Palais Paris &#8211; Prix de la [&hellip;]\" \/>\n<meta property=\"og:url\" content=\"https:\/\/sergek.fr\/?page_id=566\" \/>\n<meta property=\"og:site_name\" content=\"Serge Krewiss\" \/>\n<meta property=\"article:modified_time\" content=\"2023-03-13T14:07:47+00:00\" \/>\n<meta name=\"twitter:card\" content=\"summary_large_image\" \/>\n<meta name=\"twitter:label1\" content=\"Dur\u00e9e de lecture estim\u00e9e\" \/>\n\t<meta name=\"twitter:data1\" content=\"2 minutes\" \/>\n<script type=\"application\/ld+json\" class=\"yoast-schema-graph\">{\"@context\":\"https:\/\/schema.org\",\"@graph\":[{\"@type\":\"WebPage\",\"@id\":\"https:\/\/sergek.fr\/?page_id=566\",\"url\":\"https:\/\/sergek.fr\/?page_id=566\",\"name\":\"r\u00e9compenses - Serge Krewiss\",\"isPartOf\":{\"@id\":\"https:\/\/sergek.fr\/#website\"},\"datePublished\":\"2020-12-12T11:26:42+00:00\",\"dateModified\":\"2023-03-13T14:07:47+00:00\",\"breadcrumb\":{\"@id\":\"https:\/\/sergek.fr\/?page_id=566#breadcrumb\"},\"inLanguage\":\"fr-FR\",\"potentialAction\":[{\"@type\":\"ReadAction\",\"target\":[\"https:\/\/sergek.fr\/?page_id=566\"]}]},{\"@type\":\"BreadcrumbList\",\"@id\":\"https:\/\/sergek.fr\/?page_id=566#breadcrumb\",\"itemListElement\":[{\"@type\":\"ListItem\",\"position\":1,\"name\":\"Accueil\",\"item\":\"https:\/\/sergek.fr\/\"},{\"@type\":\"ListItem\",\"position\":2,\"name\":\"r\u00e9compenses\"}]},{\"@type\":\"WebSite\",\"@id\":\"https:\/\/sergek.fr\/#website\",\"url\":\"https:\/\/sergek.fr\/\",\"name\":\"Serge Krewiss\",\"description\":\"BIENVENUE SUR LE SITE DE SERGE KREWISS\",\"potentialAction\":[{\"@type\":\"SearchAction\",\"target\":{\"@type\":\"EntryPoint\",\"urlTemplate\":\"https:\/\/sergek.fr\/?s={search_term_string}\"},\"query-input\":{\"@type\":\"PropertyValueSpecification\",\"valueRequired\":true,\"valueName\":\"search_term_string\"}}],\"inLanguage\":\"fr-FR\"}]}<\/script>\n<!-- \/ Yoast SEO plugin. -->","yoast_head_json":{"title":"r\u00e9compenses - Serge Krewiss","robots":{"index":"index","follow":"follow","max-snippet":"max-snippet:-1","max-image-preview":"max-image-preview:large","max-video-preview":"max-video-preview:-1"},"canonical":"https:\/\/sergek.fr\/?page_id=566","og_locale":"fr_FR","og_type":"article","og_title":"r\u00e9compenses - Serge Krewiss","og_description":"r\u00e9compenses artistiques de Serge Krewiss 2023Salon des Artistes Fran\u00e7ais, Art Capital, Grand Palais Paris &#8211; M\u00e9daille d&rsquo;or 2022Salon des Artistes Fran\u00e7ais, Art Capital, Grand Palais Paris &#8211; Prix de la [&hellip;]","og_url":"https:\/\/sergek.fr\/?page_id=566","og_site_name":"Serge Krewiss","article_modified_time":"2023-03-13T14:07:47+00:00","twitter_card":"summary_large_image","twitter_misc":{"Dur\u00e9e de lecture estim\u00e9e":"2 minutes"},"schema":{"@context":"https:\/\/schema.org","@graph":[{"@type":"WebPage","@id":"https:\/\/sergek.fr\/?page_id=566","url":"https:\/\/sergek.fr\/?page_id=566","name":"r\u00e9compenses - Serge Krewiss","isPartOf":{"@id":"https:\/\/sergek.fr\/#website"},"datePublished":"2020-12-12T11:26:42+00:00","dateModified":"2023-03-13T14:07:47+00:00","breadcrumb":{"@id":"https:\/\/sergek.fr\/?page_id=566#breadcrumb"},"inLanguage":"fr-FR","potentialAction":[{"@type":"ReadAction","target":["https:\/\/sergek.fr\/?page_id=566"]}]},{"@type":"BreadcrumbList","@id":"https:\/\/sergek.fr\/?page_id=566#breadcrumb","itemListElement":[{"@type":"ListItem","position":1,"name":"Accueil","item":"https:\/\/sergek.fr\/"},{"@type":"ListItem","position":2,"name":"r\u00e9compenses"}]},{"@type":"WebSite","@id":"https:\/\/sergek.fr\/#website","url":"https:\/\/sergek.fr\/","name":"Serge Krewiss","description":"BIENVENUE SUR LE SITE DE SERGE KREWISS","potentialAction":[{"@type":"SearchAction","target":{"@type":"EntryPoint","urlTemplate":"https:\/\/sergek.fr\/?s={search_term_string}"},"query-input":{"@type":"PropertyValueSpecification","valueRequired":true,"valueName":"search_term_string"}}],"inLanguage":"fr-FR"}]}},"_links":{"self":[{"href":"https:\/\/sergek.fr\/index.php?rest_route=\/wp\/v2\/pages\/566","targetHints":{"allow":["GET"]}}],"collection":[{"href":"https:\/\/sergek.fr\/index.php?rest_route=\/wp\/v2\/pages"}],"about":[{"href":"https:\/\/sergek.fr\/index.php?rest_route=\/wp\/v2\/types\/page"}],"author":[{"embeddable":true,"href":"https:\/\/sergek.fr\/index.php?rest_route=\/wp\/v2\/users\/1"}],"replies":[{"embeddable":true,"href":"https:\/\/sergek.fr\/index.php?rest_route=%2Fwp%2Fv2%2Fcomments&post=566"}],"version-history":[{"count":10,"href":"https:\/\/sergek.fr\/index.php?rest_route=\/wp\/v2\/pages\/566\/revisions"}],"predecessor-version":[{"id":1571,"href":"https:\/\/sergek.fr\/index.php?rest_route=\/wp\/v2\/pages\/566\/revisions\/1571"}],"wp:attachment":[{"href":"https:\/\/sergek.fr\/index.php?rest_route=%2Fwp%2Fv2%2Fmedia&parent=566"}],"curies":[{"name":"wp","href":"https:\/\/api.w.org\/{rel}","templated":true}]}}