{"id":564,"date":"2020-12-12T13:25:30","date_gmt":"2020-12-12T11:25:30","guid":{"rendered":"http:\/\/sergek.fr\/?page_id=564"},"modified":"2025-12-31T19:30:31","modified_gmt":"2025-12-31T17:30:31","slug":"expositions-precedentes","status":"publish","type":"page","link":"https:\/\/sergek.fr\/?page_id=564","title":{"rendered":"expositions pr\u00e9c\u00e9dentes"},"content":{"rendered":"<h2 style=\"text-align: center;\">Personnelles<\/h2>\n\n\n<p class=\"has-text-align-center\"><strong>2025<\/strong><br \/>Pavillon Charles X &#8211; Saint-Cyr-sur-Loire<br \/>Fondation Taylor &#8211; Paris<br \/>Galerie Thy Than &#8211; Saint-Prix<br \/>Minist\u00e8re des Finances et de l&rsquo;Economie &#8211; Paris<br \/>Palais des Ev\u00eaques &#8211; Bourg-Saint-And\u00e9ol<br \/>Eglise Notre Dame &#8211; Portbail sur Mer<br \/>Parc de la Pignerolle &#8211; Saint-Barth\u00e9lemy d&rsquo;Anjou\u00a0<br \/><br \/><strong>2024<\/strong><br \/>Mus\u00e9e Michel Ciry &#8211; Varengeville-sur-Mer<br \/>Salle de l&rsquo;Orangerie &#8211; Lectoure<br \/>Chapelle des Pri\u00e8res &#8211; Billiers <br \/>Maison de Massiac Fiaac &#8211; Pouilly sur Loire<br \/>Galerie d\u2019art 3838\u00a0&#8211; Angers<br \/><strong>2023<\/strong><br \/>Chapelle des Ursulines, Lannion<br \/>Mairie du V\u00e8me arrondissement de Paris<br \/>Majestic Gallery, Monts\u00fbr<br \/>Festival Fine en bulles &#8211; Peintre \u00e0 l&rsquo;honneur, Crouttes-sur-Marne<br \/>Festival international de peinture &#8211; Peintre \u00e0 l&rsquo;honneur, Magn\u00e9<br \/>Festival \u00ab\u00a0L&rsquo;art dans la rue\u00a0\u00bb &#8211; Grande signature &#8211; Luxeuil l\u00e8s Bains<br \/><strong>2022<\/strong><br \/>Minist\u00e8re des Finances et de l&rsquo;Economie Paris Bercy<br \/>Eglise Notre Dame de Port-Bail sur Mer<br \/>Couvent des Dominicains, Faubourg Saint Honor\u00e9 &#8211; Paris <br \/>Mairie du XIIIe arrondissement de Paris <br \/>Chapelle Saint-Marc &#8211; Brou<br \/><strong>2021 <\/strong><br \/>Galerie \u00ab\u00a0T\u00f4t ou t&rsquo;Art\u00a0\u00bb &#8211; Verdun<br \/>Les rencontres de Saint-C\u00e9neri &#8211; Saint-C\u00e9neri-Le-G\u00e9rei <br \/>Biennale des Artistes Fran\u00e7ais au Hangar de Paimboeuf<br \/><strong>2020 <\/strong><br \/>Couvent des Dominicains, Faubourg Saint Honor\u00e9 &#8211; Paris <br \/>Grenier aux Artistes &#8211; Roquecor, Tarn et Garonne <br \/><strong>2019<\/strong><br \/>Artistique Garage &#8211; Neuilly sur Marne <br \/>Atelier des Peintres du Marais &#8211; Paris <br \/><strong>2018<\/strong> <br \/>Atelier des Peintres du Marais Paris <br \/><strong>2016<\/strong> <br \/>Galerie Monod Paris<\/p>\n\n\n\n<p><\/p>\n\n\n\n<h2 class=\"wp-block-heading has-text-align-center\">Internationales<\/h2>\n\n\n\n<p style=\"text-align: center;\"><strong>2025 <br \/><\/strong>Exposition Packaging &#8211; Amplitud BBK &#8211;\u00a0 Tch\u00e9coslovaquie<br \/>France Japon National Art Center Tokyo Japon<\/p>\n<p style=\"text-align: center;\"><strong>2024 <br \/><\/strong>Exposition Packaging &#8211; Amplitud BBK &#8211; Schiedam\u00a0Pays-Bas<br \/>\u00a0Exposition Packaging &#8211; Amplitud BBK &#8211; Remagen &#8211; Allemagne<br \/>OASIS (Osaka Art Show of International Selections ) Osaka Japon\u00a0<\/p>\n<p style=\"text-align: center;\"><strong>2023 <br \/><\/strong>Galerie Mestske Muzeum, Svitavy &#8211; R\u00e9publique tch\u00e8que<br \/>RodalquilArte &#8211; Rodalquilar, Andalousie, Espagne<br \/>France Japon National Art Center Tokyo Japon<\/p>\n<p style=\"text-align: center;\"><strong>2022 <br \/><\/strong>RodalquilArte &#8211; Rodalquilar, Andalousie, Espagne<br \/>Amplitude BBK, Koln, Allemagne<strong><br \/><\/strong>OASIS (Osaka Art Show of International Selections ) Osaka Japon\u00a0<strong><br \/>2021 <br \/><\/strong>France Japon National Art Center Tokyo Japon<strong><br \/>2020<\/strong>\u00a0<br \/>RodalquilArte \u2013 Rodalquilar , Andalousie, Espagne <br \/>France Japon National Art Center Tokyo Japon\u00a0<br \/><strong>2019<\/strong>\u00a0<br \/>OASIS (Osaka Art Show of International Selections ) Osaka Japon\u00a0<br \/><strong>2018<\/strong>\u00a0<br \/>France Japon National Art Center Tokyo Japon\u00a0<br \/><strong>2017<\/strong>\u00a0<br \/>France Japon National Art Center Tokyo Japon\u00a0<br \/><strong>2015<\/strong>\u00a0<br \/>\u00ab Wylie Valley Art Trail \u00bb Mere Bristol, Angleterre<\/p>\n<p>\u00a0<\/p>\n\n\n\n<h2 class=\"wp-block-heading has-text-align-center\">Collectives<\/h2>\n\n\n\n<p style=\"text-align: center;\"><strong>2024\u00a0<\/strong><br \/>Salon des Artistes Fran\u00e7ais \/ Comparaisons &#8211; Grand Palais Paris<br \/>Salon d&rsquo;Automne &#8211; Place de la Concorde Paris<\/p>\n<p style=\"text-align: center;\"><strong>2024\u00a0<\/strong><br \/>Salon des Artistes Fran\u00e7ais \/ Comparaisons &#8211; Grand Palais Paris<br \/><strong>2024\u00a0<\/strong><br \/>L&rsquo;art en chemin &#8211; Oise<br \/>Accalmie &#8211; Loguivy-de-la-Mer<strong><br \/><\/strong>Art et Jazz dans ma cour &#8211; Hermonville<br \/>Salon des Artistes Fran\u00e7ais \/ Comparaisons &#8211; Grand Palais Eph\u00e9m\u00e8re Paris<br \/>Salon d&rsquo;Automne de Paris &#8211; Grande Halle de la Villette<br \/>L&rsquo;art en chemin &#8211; Oise\u00a0<br \/><strong>2023\u00a0<\/strong><br \/>Salon des Artistes Fran\u00e7ais &#8211; Grand Palais Eph\u00e9m\u00e8re Paris<br \/>Salon des Beaux Arts &#8211; Montlignon<br \/>Salon Arami &#8211; Ermont<br \/>L&rsquo;art en chemin &#8211; Oise\u00a0<strong><br \/><\/strong><strong>2022\u00a0<br \/><\/strong>64\u00e8me Salon des beaux Arts &#8211; Cormeilles en Parisis &#8211; Peintre au Carr\u00e9 des Artistes\u00a0<strong><br \/><\/strong>Salon d&rsquo;Automne de Paris &#8211; Grande Halle de la Villette\u00a0<br \/>Artcit\u00e9 2022 &#8211; Fontenay-sous-Bois<strong data-rich-text-format-boundary=\"true\"><br \/><\/strong>12\u00e8me Salon Arbuste &#8211; Mantes La Jolie<strong><br \/><\/strong>\u00ab\u00a0L&rsquo;Art en Chemin\u00a0\u00bb Cr\u00e9py-en-Valois, Raray, Rully-Bray, Senlis<br \/>Festival Fine en Bulles &#8211; Crouttes sur Marne<br \/>Salon des Artistes Fran\u00e7ais Grand Palais \u2013 Paris<br \/>L&rsquo;art en chemin &#8211; Oise\u00a0<\/p>\n<p style=\"text-align: center;\"><strong>2021<\/strong>\u00a0<br \/>63\u00e8me Salon des beaux Arts de Cormeilles en Parisis<br \/>\u00ab\u00a0L&rsquo;Art en Chemin\u00a0\u00bb Cr\u00e9py-en-Valois, Raray, Rully-Bray, Senlis<br \/>118\u00e8me Salon d&rsquo;Automne &#8211; Paris\u00a0<br \/>Salon des Beaux Arts de Thionville 2021<br \/>GraffArt &#8211; 4\u00e8me \u00e9dition du prix du Graffiti et du Street Art<br \/>Biennale d&rsquo;Art Contemporain\u00a0Andilly<br \/>Salon d\u2019Art Contemporain International de Vittel <br \/>Galerie Etienne de Causans \u2013 Paris<strong><br \/><\/strong>L&rsquo;art en chemin &#8211; Oise\u00a0<\/p>\n<p style=\"text-align: center;\"><strong>2020<\/strong>\u00a0<br \/>Salon des Artistes Fran\u00e7ais Grand Palais \u2013 Paris <br \/>Artistic Garage \u2013 Neuilly Sur Marne <br \/>Galerie Etienne de Causans \u2013 Paris\u00a0<br \/>L&rsquo;art en chemin &#8211; Oise\u00a0<\/p>\n<p style=\"text-align: center;\"><strong>2019<\/strong>\u00a0<br \/>116 \u00e8me Salon d\u2019automne \u2013 Paris <br \/>54\u00e8me Grand Prix de Peinture et de Sculpture \u2013 Barbizon <br \/>Salon de l\u2019Artistique Ch\u00e2teau Conti \u2013 L\u2019Isle Adam <br \/>Cercle des Peintres du Marais Blancs Manteaux \u2013 Paris <br \/>Cercle des Artistes de Paris Parc Florale \u2013 Vincennes <br \/>61\u00e8me Salon des Beaux Arts \u2013 Cormeilles en Parisis\u00a0<br \/>L&rsquo;art en chemin &#8211; Oise<\/p>\n<p style=\"text-align: center;\"><strong>2018<\/strong>\u00a0<br \/>Salon des Artistes Fran\u00e7ais Grand Palais \u2013 Paris <br \/>53\u00e8me Grand Prix de Peinture et de Sculpture \u2013 Barbizon <br \/>53\u00e8me Salon ADAC \u2013 Ch\u00e2tillon <br \/>35\u00e8me Salon International de Peinture \u2013 Vittel <br \/>40\u00e8me Salon d\u2019Art \u2013 Saint Germain L\u00e8s Corbeil <br \/>Cercle des Artistes de Paris Parc Florale \u2013 Vincennes <br \/>37\u00e8me Salon des Artistes du V\u00e8me Mairie du V\u00e8me \u2013 Paris <br \/>56\u00e8me Salon des Grands Formats \u2013 Mennecy <br \/>Cercle des Peintres du Marais Blancs Manteaux \u2013 Paris <br \/>Salon des Artistes Fran\u00e7ais Grand Palais \u2013 Paris\u00a0<br \/><strong>2018<\/strong>\u00a0<br \/>114\u00e8me Salon d\u2019automne \u2013 Paris <br \/>52\u00e8me Salon ADAC \u2013 Ch\u00e2tillon <br \/>Cercle des Artistes de Paris Parc Floral \u2013 Vincennes <br \/>36\u00e8me Salon des Artistes du V\u00e8me \u2013 Paris <br \/>Salon des Artistes Fran\u00e7ais Grand Palais \u2013 Paris\u00a0<br \/><strong>2017<\/strong>\u00a0<br \/>113\u00e8me Salon d\u2019automne \u2013 Paris <br \/>51\u00e8me Salon ADAC \u2013 Ch\u00e2tillon <br \/>Cercle des Artistes de Paris Parc Floral \u2013 Vincennes <br \/>35\u00e8me Salon des Artistes du V\u00e8me \u2013 Paris <br \/><strong>2016<\/strong>\u00a0<br \/>Salon des Artistes Fran\u00e7ais \u2013 Grand Palais Paris <br \/>34\u00e8me Salon International de Peinture \u2013 Vittel\u00a0<br \/><strong>2015<\/strong>\u00a0<br \/>Salon des Artistes Fran\u00e7ais \u2013 Grand Palais Paris <br \/>Foire d\u2019art contemporain \u2013 Quincy \/s S\u00e9nart <br \/>Maison m\u00e9di\u00e9vale \u2013 Loches <br \/>Archives d\u00e9partementales \u2013 Dammarie Les Lys <br \/>Palais Jacques Coeur \u2013 Bourges <br \/>La Galerie Mutualit\u00e9 \u2013 Paris<\/p>\n","protected":false},"excerpt":{"rendered":"<p>Personnelles 2025Pavillon Charles X &#8211; Saint-Cyr-sur-LoireFondation Taylor &#8211; ParisGalerie Thy Than &#8211; Saint-PrixMinist\u00e8re des Finances et de l&rsquo;Economie &#8211; ParisPalais des Ev\u00eaques &#8211; Bourg-Saint-And\u00e9olEglise Notre Dame &#8211; Portbail sur MerParc [&hellip;]<\/p>\n","protected":false},"author":1,"featured_media":0,"parent":0,"menu_order":0,"comment_status":"closed","ping_status":"closed","template":"","meta":{"_acf_changed":false,"footnotes":""},"class_list":["post-564","page","type-page","status-publish","hentry"],"acf":[],"yoast_head":"<!-- This site is optimized with the Yoast SEO plugin v24.9 - https:\/\/yoast.com\/wordpress\/plugins\/seo\/ -->\n<title>expositions pr\u00e9c\u00e9dentes - Serge Krewiss<\/title>\n<meta name=\"robots\" content=\"index, follow, max-snippet:-1, max-image-preview:large, max-video-preview:-1\" \/>\n<link rel=\"canonical\" href=\"https:\/\/sergek.fr\/?page_id=564\" \/>\n<meta property=\"og:locale\" content=\"fr_FR\" \/>\n<meta property=\"og:type\" content=\"article\" \/>\n<meta property=\"og:title\" content=\"expositions pr\u00e9c\u00e9dentes - Serge Krewiss\" \/>\n<meta property=\"og:description\" content=\"Personnelles 2025Pavillon Charles X &#8211; Saint-Cyr-sur-LoireFondation Taylor &#8211; ParisGalerie Thy Than &#8211; Saint-PrixMinist\u00e8re des Finances et de l&rsquo;Economie &#8211; ParisPalais des Ev\u00eaques &#8211; Bourg-Saint-And\u00e9olEglise Notre Dame &#8211; Portbail sur MerParc [&hellip;]\" \/>\n<meta property=\"og:url\" content=\"https:\/\/sergek.fr\/?page_id=564\" \/>\n<meta property=\"og:site_name\" content=\"Serge Krewiss\" \/>\n<meta property=\"article:modified_time\" content=\"2025-12-31T17:30:31+00:00\" \/>\n<meta name=\"twitter:card\" content=\"summary_large_image\" \/>\n<meta name=\"twitter:label1\" content=\"Dur\u00e9e de lecture estim\u00e9e\" \/>\n\t<meta name=\"twitter:data1\" content=\"4 minutes\" \/>\n<script type=\"application\/ld+json\" class=\"yoast-schema-graph\">{\"@context\":\"https:\/\/schema.org\",\"@graph\":[{\"@type\":\"WebPage\",\"@id\":\"https:\/\/sergek.fr\/?page_id=564\",\"url\":\"https:\/\/sergek.fr\/?page_id=564\",\"name\":\"expositions pr\u00e9c\u00e9dentes - Serge Krewiss\",\"isPartOf\":{\"@id\":\"https:\/\/sergek.fr\/#website\"},\"datePublished\":\"2020-12-12T11:25:30+00:00\",\"dateModified\":\"2025-12-31T17:30:31+00:00\",\"breadcrumb\":{\"@id\":\"https:\/\/sergek.fr\/?page_id=564#breadcrumb\"},\"inLanguage\":\"fr-FR\",\"potentialAction\":[{\"@type\":\"ReadAction\",\"target\":[\"https:\/\/sergek.fr\/?page_id=564\"]}]},{\"@type\":\"BreadcrumbList\",\"@id\":\"https:\/\/sergek.fr\/?page_id=564#breadcrumb\",\"itemListElement\":[{\"@type\":\"ListItem\",\"position\":1,\"name\":\"Accueil\",\"item\":\"https:\/\/sergek.fr\/\"},{\"@type\":\"ListItem\",\"position\":2,\"name\":\"expositions pr\u00e9c\u00e9dentes\"}]},{\"@type\":\"WebSite\",\"@id\":\"https:\/\/sergek.fr\/#website\",\"url\":\"https:\/\/sergek.fr\/\",\"name\":\"Serge Krewiss\",\"description\":\"BIENVENUE SUR LE SITE DE SERGE KREWISS\",\"potentialAction\":[{\"@type\":\"SearchAction\",\"target\":{\"@type\":\"EntryPoint\",\"urlTemplate\":\"https:\/\/sergek.fr\/?s={search_term_string}\"},\"query-input\":{\"@type\":\"PropertyValueSpecification\",\"valueRequired\":true,\"valueName\":\"search_term_string\"}}],\"inLanguage\":\"fr-FR\"}]}<\/script>\n<!-- \/ Yoast SEO plugin. -->","yoast_head_json":{"title":"expositions pr\u00e9c\u00e9dentes - Serge Krewiss","robots":{"index":"index","follow":"follow","max-snippet":"max-snippet:-1","max-image-preview":"max-image-preview:large","max-video-preview":"max-video-preview:-1"},"canonical":"https:\/\/sergek.fr\/?page_id=564","og_locale":"fr_FR","og_type":"article","og_title":"expositions pr\u00e9c\u00e9dentes - Serge Krewiss","og_description":"Personnelles 2025Pavillon Charles X &#8211; Saint-Cyr-sur-LoireFondation Taylor &#8211; ParisGalerie Thy Than &#8211; Saint-PrixMinist\u00e8re des Finances et de l&rsquo;Economie &#8211; ParisPalais des Ev\u00eaques &#8211; Bourg-Saint-And\u00e9olEglise Notre Dame &#8211; Portbail sur MerParc [&hellip;]","og_url":"https:\/\/sergek.fr\/?page_id=564","og_site_name":"Serge Krewiss","article_modified_time":"2025-12-31T17:30:31+00:00","twitter_card":"summary_large_image","twitter_misc":{"Dur\u00e9e de lecture estim\u00e9e":"4 minutes"},"schema":{"@context":"https:\/\/schema.org","@graph":[{"@type":"WebPage","@id":"https:\/\/sergek.fr\/?page_id=564","url":"https:\/\/sergek.fr\/?page_id=564","name":"expositions pr\u00e9c\u00e9dentes - Serge Krewiss","isPartOf":{"@id":"https:\/\/sergek.fr\/#website"},"datePublished":"2020-12-12T11:25:30+00:00","dateModified":"2025-12-31T17:30:31+00:00","breadcrumb":{"@id":"https:\/\/sergek.fr\/?page_id=564#breadcrumb"},"inLanguage":"fr-FR","potentialAction":[{"@type":"ReadAction","target":["https:\/\/sergek.fr\/?page_id=564"]}]},{"@type":"BreadcrumbList","@id":"https:\/\/sergek.fr\/?page_id=564#breadcrumb","itemListElement":[{"@type":"ListItem","position":1,"name":"Accueil","item":"https:\/\/sergek.fr\/"},{"@type":"ListItem","position":2,"name":"expositions pr\u00e9c\u00e9dentes"}]},{"@type":"WebSite","@id":"https:\/\/sergek.fr\/#website","url":"https:\/\/sergek.fr\/","name":"Serge Krewiss","description":"BIENVENUE SUR LE SITE DE SERGE KREWISS","potentialAction":[{"@type":"SearchAction","target":{"@type":"EntryPoint","urlTemplate":"https:\/\/sergek.fr\/?s={search_term_string}"},"query-input":{"@type":"PropertyValueSpecification","valueRequired":true,"valueName":"search_term_string"}}],"inLanguage":"fr-FR"}]}},"_links":{"self":[{"href":"https:\/\/sergek.fr\/index.php?rest_route=\/wp\/v2\/pages\/564","targetHints":{"allow":["GET"]}}],"collection":[{"href":"https:\/\/sergek.fr\/index.php?rest_route=\/wp\/v2\/pages"}],"about":[{"href":"https:\/\/sergek.fr\/index.php?rest_route=\/wp\/v2\/types\/page"}],"author":[{"embeddable":true,"href":"https:\/\/sergek.fr\/index.php?rest_route=\/wp\/v2\/users\/1"}],"replies":[{"embeddable":true,"href":"https:\/\/sergek.fr\/index.php?rest_route=%2Fwp%2Fv2%2Fcomments&post=564"}],"version-history":[{"count":51,"href":"https:\/\/sergek.fr\/index.php?rest_route=\/wp\/v2\/pages\/564\/revisions"}],"predecessor-version":[{"id":1798,"href":"https:\/\/sergek.fr\/index.php?rest_route=\/wp\/v2\/pages\/564\/revisions\/1798"}],"wp:attachment":[{"href":"https:\/\/sergek.fr\/index.php?rest_route=%2Fwp%2Fv2%2Fmedia&parent=564"}],"curies":[{"name":"wp","href":"https:\/\/api.w.org\/{rel}","templated":true}]}}