{"id":142,"date":"2015-09-24T21:59:44","date_gmt":"2015-09-24T19:59:44","guid":{"rendered":"http:\/\/sergek.fr\/wordpress\/?page_id=142"},"modified":"2025-12-31T20:10:04","modified_gmt":"2025-12-31T18:10:04","slug":"expositions","status":"publish","type":"page","link":"https:\/\/sergek.fr\/?page_id=142","title":{"rendered":"prochaines expositions"},"content":{"rendered":"\n<blockquote class=\"wp-block-quote is-layout-flow wp-block-quote-is-layout-flow\"><\/blockquote>\n\n\n\n<h2 style=\"text-align: center;\"><em><strong>2026<\/strong><\/em><\/h2>\n\n\n\n<hr class=\"wp-block-separator has-alpha-channel-opacity\"\/>\n\n\n\n<p class=\"has-text-align-center\">Grande exposition <strong>\u00ab\u00a0Mati\u00e8re en \u00e9moi\u00a0\u00bb,<\/strong> en duo avec mon <strong>amie sculpteure Pico<\/strong><br><strong>Mairie du 5\u00e8me arrondissement de Paris<\/strong>, salle Capitan 21 place du Panth\u00e9on, <strong>du 21 au 31 janvier.<\/strong><br>Le <strong>vernissage <\/strong>a lieu le <strong>mercredi 21 janvier de 18h30 \u00e0 21h.<br><\/strong>Pour vous accueillir, je serai pr\u00e9sent du lundi au samedi de 11h \u00e0 18h30.<\/p>\n\n\n<div class=\"wp-block-image\">\n<figure class=\"aligncenter size-full is-resized\"><a href=\"https:\/\/sergek.fr\/wp-content\/uploads\/2025\/12\/affiche-petite-resolution.jpg\"><img loading=\"lazy\" decoding=\"async\" width=\"653\" height=\"929\" src=\"https:\/\/sergek.fr\/wp-content\/uploads\/2025\/12\/affiche-petite-resolution.jpg\" alt=\"\" class=\"wp-image-1800\" style=\"width:478px;height:auto\" srcset=\"https:\/\/sergek.fr\/wp-content\/uploads\/2025\/12\/affiche-petite-resolution.jpg 653w, https:\/\/sergek.fr\/wp-content\/uploads\/2025\/12\/affiche-petite-resolution-211x300.jpg 211w\" sizes=\"auto, (max-width: 653px) 100vw, 653px\" \/><\/a><\/figure>\n<\/div>\n\n\n<hr class=\"wp-block-separator has-alpha-channel-opacity\"\/>\n\n\n\n<p class=\"has-text-align-center\"><strong>Salon des Artistes Fran\u00e7ais et Salon Comparaison<\/strong><br><strong>Art Capital au Grand Palais<\/strong><br><strong>du 12 au 15 f\u00e9vrier&nbsp;<\/strong><br>Vernissage le 12 f\u00e9vrier de 14h \u00e0 22h30 sur invitation<br>Ouverture au public vendredi 13 de 10h \u00e0 22h, Samedi de 10h \u00e0 20h et dimanche de 10h \u00e0 19h<\/p>\n\n\n<div class=\"wp-block-image\">\n<figure class=\"aligncenter size-large is-resized\"><a href=\"https:\/\/sergek.fr\/wp-content\/uploads\/2025\/12\/001-invitation-recto-art-capital-3-mm-FP.jpg\"><img loading=\"lazy\" decoding=\"async\" width=\"730\" height=\"1024\" src=\"https:\/\/sergek.fr\/wp-content\/uploads\/2025\/12\/001-invitation-recto-art-capital-3-mm-FP-730x1024.jpg\" alt=\"\" class=\"wp-image-1805\" style=\"aspect-ratio:0.7129080501263473;width:354px;height:auto\" srcset=\"https:\/\/sergek.fr\/wp-content\/uploads\/2025\/12\/001-invitation-recto-art-capital-3-mm-FP-730x1024.jpg 730w, https:\/\/sergek.fr\/wp-content\/uploads\/2025\/12\/001-invitation-recto-art-capital-3-mm-FP-214x300.jpg 214w, https:\/\/sergek.fr\/wp-content\/uploads\/2025\/12\/001-invitation-recto-art-capital-3-mm-FP-768x1077.jpg 768w, https:\/\/sergek.fr\/wp-content\/uploads\/2025\/12\/001-invitation-recto-art-capital-3-mm-FP-1095x1536.jpg 1095w, https:\/\/sergek.fr\/wp-content\/uploads\/2025\/12\/001-invitation-recto-art-capital-3-mm-FP-1460x2048.jpg 1460w, https:\/\/sergek.fr\/wp-content\/uploads\/2025\/12\/001-invitation-recto-art-capital-3-mm-FP.jpg 1819w\" sizes=\"auto, (max-width: 730px) 100vw, 730px\" \/><\/a><\/figure>\n<\/div>\n\n\n<hr class=\"wp-block-separator has-css-opacity\"\/>\n\n\n\n<p style=\"text-align: center;\">Exposition personnelle<br \/><strong>Galerie Art by BGR\u00a0<\/strong> <br \/>14 rue Raymond Poincar\u00e9 78120 Rambouillet<br \/><strong>du 20 mars au 18 avril\u00a0<\/strong><br \/><strong>Vernissage le 21 mars<\/strong><\/p>\n\n\n\n<hr class=\"wp-block-separator has-alpha-channel-opacity\"\/>\n\n\n\n<p class=\"has-text-align-center\"><strong>Exposition \u00ab\u00a0Libre expression\u00a0\u00bb<\/strong><br>Espace George Sand de Ch\u00e9cy (Loiret)<br><strong>du samedi 28 mars au dimanche 5 avril <\/strong><\/p>\n\n\n\n<hr class=\"wp-block-separator has-alpha-channel-opacity\"\/>\n\n\n\n<p class=\"has-text-align-center\"><strong>Exposition Maison Gramont<\/strong> &#8211; 11270 Fanjeaux<br><strong>du 13 juin au 12 septembre,<\/strong> de 15h \u00e0 18h30, entr\u00e9e libre.<strong><br>Vernissage <\/strong>aura lieu le<strong> samedi 20 juin.<\/strong><\/p>\n\n\n\n<ol class=\"wp-block-list\"><\/ol>\n\n\n\n<hr class=\"wp-block-separator has-alpha-channel-opacity\"\/>\n\n\n\n<p style=\"text-align: center;\"><strong>Exposition personnelle\u00a0<\/strong><br \/><strong>Domaine de Lagoy<\/strong><br \/><strong>Saint-R\u00e9my-de-Provence<\/strong><br \/><strong>du 1er juillet au 31 ao\u00fbt 2026<\/strong><\/p>\n\n\n\n<hr class=\"wp-block-separator has-css-opacity\"\/>\n\n\n\n<p style=\"text-align: center;\"><strong>Exposition personnelle&nbsp;<\/strong><br><b>Le Block &#8211; Poitiers<br>du 18 au 27 septembre 2026<\/b><\/p>\n\n\n\n<hr class=\"wp-block-separator has-css-opacity\"\/>\n\n\n\n<p style=\"text-align: center;\"><strong>Invit\u00e9 d&rsquo;honneur <br \/>Salon d&rsquo;Automne de Montlu\u00e7on\u00a0<\/strong><br \/><strong>du 10 au 25 octobre 2026<\/strong><\/p>\n\n\n\n<hr class=\"wp-block-separator has-alpha-channel-opacity\"\/>\n\n\n\n<p style=\"text-align: center;\"><strong>Salon de Cormeilles en Parisis<\/strong><br \/><strong>du 20 octobre au 3 novembre 2026<\/strong><\/p>\n\n\n\n<hr class=\"wp-block-separator has-alpha-channel-opacity\"\/>\n\n\n\n<h2 style=\"text-align: center;\"><em><strong>2027<\/strong><\/em><\/h2>\n\n\n\n<hr class=\"wp-block-separator has-alpha-channel-opacity\"\/>\n\n\n\n\n\n\n","protected":false},"excerpt":{"rendered":"<p>2026 Grande exposition \u00ab\u00a0Mati\u00e8re en \u00e9moi\u00a0\u00bb, en duo avec mon amie sculpteure PicoMairie du 5\u00e8me arrondissement de Paris, salle Capitan 21 place du Panth\u00e9on, du 21 au 31 janvier.Le vernissage [&hellip;]<\/p>\n","protected":false},"author":1,"featured_media":0,"parent":0,"menu_order":0,"comment_status":"closed","ping_status":"closed","template":"","meta":{"_acf_changed":false,"footnotes":""},"class_list":["post-142","page","type-page","status-publish","hentry"],"acf":[],"yoast_head":"<!-- This site is optimized with the Yoast SEO plugin v24.9 - https:\/\/yoast.com\/wordpress\/plugins\/seo\/ -->\n<title>prochaines expositions - Serge Krewiss<\/title>\n<meta name=\"robots\" content=\"index, follow, max-snippet:-1, max-image-preview:large, max-video-preview:-1\" \/>\n<link rel=\"canonical\" href=\"https:\/\/sergek.fr\/?page_id=142\" \/>\n<meta property=\"og:locale\" content=\"fr_FR\" \/>\n<meta property=\"og:type\" content=\"article\" \/>\n<meta property=\"og:title\" content=\"prochaines expositions - Serge Krewiss\" \/>\n<meta property=\"og:description\" content=\"2026 Grande exposition \u00ab\u00a0Mati\u00e8re en \u00e9moi\u00a0\u00bb, en duo avec mon amie sculpteure PicoMairie du 5\u00e8me arrondissement de Paris, salle Capitan 21 place du Panth\u00e9on, du 21 au 31 janvier.Le vernissage [&hellip;]\" \/>\n<meta property=\"og:url\" content=\"https:\/\/sergek.fr\/?page_id=142\" \/>\n<meta property=\"og:site_name\" content=\"Serge Krewiss\" \/>\n<meta property=\"article:modified_time\" content=\"2025-12-31T18:10:04+00:00\" \/>\n<meta property=\"og:image\" content=\"https:\/\/sergek.fr\/wp-content\/uploads\/2025\/12\/affiche-petite-resolution.jpg\" \/>\n\t<meta property=\"og:image:width\" content=\"653\" \/>\n\t<meta property=\"og:image:height\" content=\"929\" \/>\n\t<meta property=\"og:image:type\" content=\"image\/jpeg\" \/>\n<meta name=\"twitter:card\" content=\"summary_large_image\" \/>\n<meta name=\"twitter:label1\" content=\"Dur\u00e9e de lecture estim\u00e9e\" \/>\n\t<meta name=\"twitter:data1\" content=\"2 minutes\" \/>\n<script type=\"application\/ld+json\" class=\"yoast-schema-graph\">{\"@context\":\"https:\/\/schema.org\",\"@graph\":[{\"@type\":\"WebPage\",\"@id\":\"https:\/\/sergek.fr\/?page_id=142\",\"url\":\"https:\/\/sergek.fr\/?page_id=142\",\"name\":\"prochaines expositions - Serge Krewiss\",\"isPartOf\":{\"@id\":\"https:\/\/sergek.fr\/#website\"},\"primaryImageOfPage\":{\"@id\":\"https:\/\/sergek.fr\/?page_id=142#primaryimage\"},\"image\":{\"@id\":\"https:\/\/sergek.fr\/?page_id=142#primaryimage\"},\"thumbnailUrl\":\"https:\/\/sergek.fr\/wp-content\/uploads\/2025\/12\/affiche-petite-resolution.jpg\",\"datePublished\":\"2015-09-24T19:59:44+00:00\",\"dateModified\":\"2025-12-31T18:10:04+00:00\",\"breadcrumb\":{\"@id\":\"https:\/\/sergek.fr\/?page_id=142#breadcrumb\"},\"inLanguage\":\"fr-FR\",\"potentialAction\":[{\"@type\":\"ReadAction\",\"target\":[\"https:\/\/sergek.fr\/?page_id=142\"]}]},{\"@type\":\"ImageObject\",\"inLanguage\":\"fr-FR\",\"@id\":\"https:\/\/sergek.fr\/?page_id=142#primaryimage\",\"url\":\"https:\/\/sergek.fr\/wp-content\/uploads\/2025\/12\/affiche-petite-resolution.jpg\",\"contentUrl\":\"https:\/\/sergek.fr\/wp-content\/uploads\/2025\/12\/affiche-petite-resolution.jpg\",\"width\":653,\"height\":929},{\"@type\":\"BreadcrumbList\",\"@id\":\"https:\/\/sergek.fr\/?page_id=142#breadcrumb\",\"itemListElement\":[{\"@type\":\"ListItem\",\"position\":1,\"name\":\"Accueil\",\"item\":\"https:\/\/sergek.fr\/\"},{\"@type\":\"ListItem\",\"position\":2,\"name\":\"prochaines expositions\"}]},{\"@type\":\"WebSite\",\"@id\":\"https:\/\/sergek.fr\/#website\",\"url\":\"https:\/\/sergek.fr\/\",\"name\":\"Serge Krewiss\",\"description\":\"BIENVENUE SUR LE SITE DE SERGE KREWISS\",\"potentialAction\":[{\"@type\":\"SearchAction\",\"target\":{\"@type\":\"EntryPoint\",\"urlTemplate\":\"https:\/\/sergek.fr\/?s={search_term_string}\"},\"query-input\":{\"@type\":\"PropertyValueSpecification\",\"valueRequired\":true,\"valueName\":\"search_term_string\"}}],\"inLanguage\":\"fr-FR\"}]}<\/script>\n<!-- \/ Yoast SEO plugin. -->","yoast_head_json":{"title":"prochaines expositions - Serge Krewiss","robots":{"index":"index","follow":"follow","max-snippet":"max-snippet:-1","max-image-preview":"max-image-preview:large","max-video-preview":"max-video-preview:-1"},"canonical":"https:\/\/sergek.fr\/?page_id=142","og_locale":"fr_FR","og_type":"article","og_title":"prochaines expositions - Serge Krewiss","og_description":"2026 Grande exposition \u00ab\u00a0Mati\u00e8re en \u00e9moi\u00a0\u00bb, en duo avec mon amie sculpteure PicoMairie du 5\u00e8me arrondissement de Paris, salle Capitan 21 place du Panth\u00e9on, du 21 au 31 janvier.Le vernissage [&hellip;]","og_url":"https:\/\/sergek.fr\/?page_id=142","og_site_name":"Serge Krewiss","article_modified_time":"2025-12-31T18:10:04+00:00","og_image":[{"width":653,"height":929,"url":"https:\/\/sergek.fr\/wp-content\/uploads\/2025\/12\/affiche-petite-resolution.jpg","type":"image\/jpeg"}],"twitter_card":"summary_large_image","twitter_misc":{"Dur\u00e9e de lecture estim\u00e9e":"2 minutes"},"schema":{"@context":"https:\/\/schema.org","@graph":[{"@type":"WebPage","@id":"https:\/\/sergek.fr\/?page_id=142","url":"https:\/\/sergek.fr\/?page_id=142","name":"prochaines expositions - Serge Krewiss","isPartOf":{"@id":"https:\/\/sergek.fr\/#website"},"primaryImageOfPage":{"@id":"https:\/\/sergek.fr\/?page_id=142#primaryimage"},"image":{"@id":"https:\/\/sergek.fr\/?page_id=142#primaryimage"},"thumbnailUrl":"https:\/\/sergek.fr\/wp-content\/uploads\/2025\/12\/affiche-petite-resolution.jpg","datePublished":"2015-09-24T19:59:44+00:00","dateModified":"2025-12-31T18:10:04+00:00","breadcrumb":{"@id":"https:\/\/sergek.fr\/?page_id=142#breadcrumb"},"inLanguage":"fr-FR","potentialAction":[{"@type":"ReadAction","target":["https:\/\/sergek.fr\/?page_id=142"]}]},{"@type":"ImageObject","inLanguage":"fr-FR","@id":"https:\/\/sergek.fr\/?page_id=142#primaryimage","url":"https:\/\/sergek.fr\/wp-content\/uploads\/2025\/12\/affiche-petite-resolution.jpg","contentUrl":"https:\/\/sergek.fr\/wp-content\/uploads\/2025\/12\/affiche-petite-resolution.jpg","width":653,"height":929},{"@type":"BreadcrumbList","@id":"https:\/\/sergek.fr\/?page_id=142#breadcrumb","itemListElement":[{"@type":"ListItem","position":1,"name":"Accueil","item":"https:\/\/sergek.fr\/"},{"@type":"ListItem","position":2,"name":"prochaines expositions"}]},{"@type":"WebSite","@id":"https:\/\/sergek.fr\/#website","url":"https:\/\/sergek.fr\/","name":"Serge Krewiss","description":"BIENVENUE SUR LE SITE DE SERGE KREWISS","potentialAction":[{"@type":"SearchAction","target":{"@type":"EntryPoint","urlTemplate":"https:\/\/sergek.fr\/?s={search_term_string}"},"query-input":{"@type":"PropertyValueSpecification","valueRequired":true,"valueName":"search_term_string"}}],"inLanguage":"fr-FR"}]}},"_links":{"self":[{"href":"https:\/\/sergek.fr\/index.php?rest_route=\/wp\/v2\/pages\/142","targetHints":{"allow":["GET"]}}],"collection":[{"href":"https:\/\/sergek.fr\/index.php?rest_route=\/wp\/v2\/pages"}],"about":[{"href":"https:\/\/sergek.fr\/index.php?rest_route=\/wp\/v2\/types\/page"}],"author":[{"embeddable":true,"href":"https:\/\/sergek.fr\/index.php?rest_route=\/wp\/v2\/users\/1"}],"replies":[{"embeddable":true,"href":"https:\/\/sergek.fr\/index.php?rest_route=%2Fwp%2Fv2%2Fcomments&post=142"}],"version-history":[{"count":170,"href":"https:\/\/sergek.fr\/index.php?rest_route=\/wp\/v2\/pages\/142\/revisions"}],"predecessor-version":[{"id":1810,"href":"https:\/\/sergek.fr\/index.php?rest_route=\/wp\/v2\/pages\/142\/revisions\/1810"}],"wp:attachment":[{"href":"https:\/\/sergek.fr\/index.php?rest_route=%2Fwp%2Fv2%2Fmedia&parent=142"}],"curies":[{"name":"wp","href":"https:\/\/api.w.org\/{rel}","templated":true}]}}

<blockquote class="wp-block-quote is-layout-flow wp-block-quote-is-layout-flow"></blockquote>



<h2 style="text-align: center;"><em><strong>2026</strong></em></h2>



<hr class="wp-block-separator has-alpha-channel-opacity"/>



<p class="has-text-align-center">Grande exposition <strong>« Matière en émoi »,</strong> en duo avec mon <strong>amie sculpteure Pico</strong><br><strong>Mairie du 5ème arrondissement de Paris</strong>, salle Capitan 21 place du Panthéon, <strong>du 21 au 31 janvier.</strong><br>Le <strong>vernissage </strong>a lieu le <strong>mercredi 21 janvier de 18h30 à 21h.<br></strong>Pour vous accueillir, je serai présent du lundi au samedi de 11h à 18h30.</p>


<div class="wp-block-image">
<figure class="aligncenter size-full is-resized"><a href="https://sergek.fr/wp-content/uploads/2025/12/affiche-petite-resolution.jpg"><img loading="lazy" decoding="async" width="653" height="929" src="https://sergek.fr/wp-content/uploads/2025/12/affiche-petite-resolution.jpg" alt="" class="wp-image-1800" style="width:478px;height:auto" srcset="https://sergek.fr/wp-content/uploads/2025/12/affiche-petite-resolution.jpg 653w, https://sergek.fr/wp-content/uploads/2025/12/affiche-petite-resolution-211x300.jpg 211w" sizes="auto, (max-width: 653px) 100vw, 653px" /></a></figure>
</div>


<hr class="wp-block-separator has-alpha-channel-opacity"/>



<p class="has-text-align-center"><strong>Salon des Artistes Français et Salon Comparaison</strong><br><strong>Art Capital au Grand Palais</strong><br><strong>du 12 au 15 février&nbsp;</strong><br>Vernissage le 12 février de 14h à 22h30 sur invitation<br>Ouverture au public vendredi 13 de 10h à 22h, Samedi de 10h à 20h et dimanche de 10h à 19h</p>


<div class="wp-block-image">
<figure class="aligncenter size-large is-resized"><a href="https://sergek.fr/wp-content/uploads/2025/12/001-invitation-recto-art-capital-3-mm-FP.jpg"><img loading="lazy" decoding="async" width="730" height="1024" src="https://sergek.fr/wp-content/uploads/2025/12/001-invitation-recto-art-capital-3-mm-FP-730x1024.jpg" alt="" class="wp-image-1805" style="aspect-ratio:0.7129080501263473;width:354px;height:auto" srcset="https://sergek.fr/wp-content/uploads/2025/12/001-invitation-recto-art-capital-3-mm-FP-730x1024.jpg 730w, https://sergek.fr/wp-content/uploads/2025/12/001-invitation-recto-art-capital-3-mm-FP-214x300.jpg 214w, https://sergek.fr/wp-content/uploads/2025/12/001-invitation-recto-art-capital-3-mm-FP-768x1077.jpg 768w, https://sergek.fr/wp-content/uploads/2025/12/001-invitation-recto-art-capital-3-mm-FP-1095x1536.jpg 1095w, https://sergek.fr/wp-content/uploads/2025/12/001-invitation-recto-art-capital-3-mm-FP-1460x2048.jpg 1460w, https://sergek.fr/wp-content/uploads/2025/12/001-invitation-recto-art-capital-3-mm-FP.jpg 1819w" sizes="auto, (max-width: 730px) 100vw, 730px" /></a></figure>
</div>


<hr class="wp-block-separator has-css-opacity"/>



<p style="text-align: center;">Exposition personnelle<br /><strong>Galerie Art by BGR </strong> <br />14 rue Raymond Poincaré 78120 Rambouillet<br /><strong>du 20 mars au 18 avril </strong><br /><strong>Vernissage le 21 mars</strong></p>



<hr class="wp-block-separator has-alpha-channel-opacity"/>



<p class="has-text-align-center"><strong>Exposition « Libre expression »</strong><br>Espace George Sand de Chécy (Loiret)<br><strong>du samedi 28 mars au dimanche 5 avril </strong></p>



<hr class="wp-block-separator has-alpha-channel-opacity"/>



<p class="has-text-align-center"><strong>Exposition Maison Gramont</strong> &#8211; 11270 Fanjeaux<br><strong>du 13 juin au 12 septembre,</strong> de 15h à 18h30, entrée libre.<strong><br>Vernissage </strong>aura lieu le<strong> samedi 20 juin.</strong></p>



<ol class="wp-block-list"></ol>



<hr class="wp-block-separator has-alpha-channel-opacity"/>



<p style="text-align: center;"><strong>Exposition personnelle </strong><br /><strong>Domaine de Lagoy</strong><br /><strong>Saint-Rémy-de-Provence</strong><br /><strong>du 1er juillet au 31 août 2026</strong></p>



<hr class="wp-block-separator has-css-opacity"/>



<p style="text-align: center;"><strong>Exposition personnelle&nbsp;</strong><br><b>Le Block &#8211; Poitiers<br>du 18 au 27 septembre 2026</b></p>



<hr class="wp-block-separator has-css-opacity"/>



<p style="text-align: center;"><strong>Invité d&rsquo;honneur <br />Salon d&rsquo;Automne de Montluçon </strong><br /><strong>du 10 au 25 octobre 2026</strong></p>



<hr class="wp-block-separator has-alpha-channel-opacity"/>



<p style="text-align: center;"><strong>Salon de Cormeilles en Parisis</strong><br /><strong>du 20 octobre au 3 novembre 2026</strong></p>



<hr class="wp-block-separator has-alpha-channel-opacity"/>



<h2 style="text-align: center;"><em><strong>2027</strong></em></h2>



<hr class="wp-block-separator has-alpha-channel-opacity"/>

<p>2026 Grande exposition « Matière en émoi », en duo avec mon amie sculpteure PicoMairie du 5ème arrondissement de Paris, salle Capitan 21 place du Panthéon, du 21 au 31 janvier.Le vernissage [&hellip;]</p>

<!-- This site is optimized with the Yoast SEO plugin v24.9 - https://yoast.com/wordpress/plugins/seo/ -->
<title>prochaines expositions - Serge Krewiss</title>
<meta name="robots" content="index, follow, max-snippet:-1, max-image-preview:large, max-video-preview:-1" />
<link rel="canonical" href="https://sergek.fr/?page_id=142" />
<meta property="og:locale" content="fr_FR" />
<meta property="og:type" content="article" />
<meta property="og:title" content="prochaines expositions - Serge Krewiss" />
<meta property="og:description" content="2026 Grande exposition « Matière en émoi », en duo avec mon amie sculpteure PicoMairie du 5ème arrondissement de Paris, salle Capitan 21 place du Panthéon, du 21 au 31 janvier.Le vernissage [&hellip;]" />
<meta property="og:url" content="https://sergek.fr/?page_id=142" />
<meta property="og:site_name" content="Serge Krewiss" />
<meta property="article:modified_time" content="2025-12-31T18:10:04+00:00" />
<meta property="og:image" content="https://sergek.fr/wp-content/uploads/2025/12/affiche-petite-resolution.jpg" />
	<meta property="og:image:width" content="653" />
	<meta property="og:image:height" content="929" />
	<meta property="og:image:type" content="image/jpeg" />
<meta name="twitter:card" content="summary_large_image" />
<meta name="twitter:label1" content="Durée de lecture estimée" />
	<meta name="twitter:data1" content="2 minutes" />
<script type="application/ld+json" class="yoast-schema-graph">{"@context":"https://schema.org","@graph":[{"@type":"WebPage","@id":"https://sergek.fr/?page_id=142","url":"https://sergek.fr/?page_id=142","name":"prochaines expositions - Serge Krewiss","isPartOf":{"@id":"https://sergek.fr/#website"},"primaryImageOfPage":{"@id":"https://sergek.fr/?page_id=142#primaryimage"},"image":{"@id":"https://sergek.fr/?page_id=142#primaryimage"},"thumbnailUrl":"https://sergek.fr/wp-content/uploads/2025/12/affiche-petite-resolution.jpg","datePublished":"2015-09-24T19:59:44+00:00","dateModified":"2025-12-31T18:10:04+00:00","breadcrumb":{"@id":"https://sergek.fr/?page_id=142#breadcrumb"},"inLanguage":"fr-FR","potentialAction":[{"@type":"ReadAction","target":["https://sergek.fr/?page_id=142"]}]},{"@type":"ImageObject","inLanguage":"fr-FR","@id":"https://sergek.fr/?page_id=142#primaryimage","url":"https://sergek.fr/wp-content/uploads/2025/12/affiche-petite-resolution.jpg","contentUrl":"https://sergek.fr/wp-content/uploads/2025/12/affiche-petite-resolution.jpg","width":653,"height":929},{"@type":"BreadcrumbList","@id":"https://sergek.fr/?page_id=142#breadcrumb","itemListElement":[{"@type":"ListItem","position":1,"name":"Accueil","item":"https://sergek.fr/"},{"@type":"ListItem","position":2,"name":"prochaines expositions"}]},{"@type":"WebSite","@id":"https://sergek.fr/#website","url":"https://sergek.fr/","name":"Serge Krewiss","description":"BIENVENUE SUR LE SITE DE SERGE KREWISS","potentialAction":[{"@type":"SearchAction","target":{"@type":"EntryPoint","urlTemplate":"https://sergek.fr/?s={search_term_string}"},"query-input":{"@type":"PropertyValueSpecification","valueRequired":true,"valueName":"search_term_string"}}],"inLanguage":"fr-FR"}]}</script>
<!-- / Yoast SEO plugin. -->

2026 Grande exposition « Matière en émoi », en duo avec mon amie sculpteure PicoMairie du 5ème arrondissement de Paris, salle Capitan 21 place du Panthéon, du 21 au 31 janvier.Le vernissage [&hellip;]
